- 54. Calculate x(-19).
3
Let g(w) = -w**2 - 16*w + 68. What is g(-20)?
-12
Let l(q) = q**3 + 18*q**2 + q + 15. Give l(-18).
-3
Let v(y) = y**3 - 7*y**2 + 5*y + 6. Determine v(6).
0
Let h(t) = -5*t + 7. Determine h(-3).
22
Let b(w) = w**2 - 9*w + 9. Determine b(9).
9
Let i(f) = f**2 - f + 14. Give i(0).
14
Let l(v) = v**3 - 22*v**2 + v - 11. Give l(22).
11
Let s(i) = i**3 + 9*i**2 + 8*i + 9. What is s(-7)?
51
Let l(s) = -4*s - 15. Determine l(-5).
5
Let w(b) = -4*b - 4. Give w(6).
-28
Let n(i) = -3*i - 4. Determine n(-4).
8
Let g(d) = 21*d**2 - 7*d - 3. Calculate g(-1).
25
Let k(y) = -y**3 + 16*y**2 + 5*y - 17. Calculate k(16).
63
Let j(c) = -c**3 - 14*c**2 - 23*c - 6. What is j(-12)?
-18
Let y(c) = 3*c - 22. Determine y(10).
8
Let v(i) = i**3 - 8*i**2 + 5*i. Determine v(7).
-14
Let m(x) = 2*x**2 + 4*x + 5. Give m(-4).
21
Let n(h) = -h**3 + 11*h**2 - 15*h - 31. What is n(9)?
-4
Let i(k) = -3*k**2 - 10*k + 4. What is i(-5)?
-21
Let g(f) = -7*f + 54. Calculate g(-9).
117
Let k(a) = -40*a + 1. What is k(-1)?
41
Let g(t) = 34*t**2 + 7*t + 6. Give g(-1).
33
Let g(b) = -2*b**2 + 20*b + 11. Calculate g(9).
29
Let i(a) = -a**3 - 6*a**2 + 2*a + 6. What is i(-6)?
-6
Let o(u) = u - 73. Give o(20).
-53
Let v(b) = -4*b + 52. Give v(17).
-16
Let k(a) = -a**3 - 8*a**2 - 6*a. Determine k(-6).
-36
Let u(q) = -q**3 + q**2 - q - 9. Give u(0).
-9
Let o(g) = 3*g**2 + g + 4. Determine o(2).
18
Let x(i) = -5*i + 43. Calculate x(6).
13
Let s(f) = -f - 3. What is s(-11)?
8
Let u(k) = -6*k + 3. Determine u(-8).
51
Let s(r) = r**3 - 5*r**2 - 25*r + 15. Give s(8).
7
Let x(o) = -o**3 - 6*o**2 - 7*o + 7. Calculate x(-4).
3
Let q(c) = 11*c + 33. Give q(-4).
-11
Let i(y) = y**2 - 7*y - 12. Give i(9).
6
Let f(n) = -n**3 - 4*n**2 + 4*n + 4. Give f(-5).
9
Let k(v) = -v**2 + 28*v + 36. Calculate k(28).
36
Let v(y) = -9*y - 2. Determine v(4).
-38
Let t(w) = -7*w**3 - 2*w + 1. Determine t(-2).
61
Let i(b) = b**3 - 2*b**2 + b - 17. What is i(5)?
63
Let z(h) = 3*h + 4. Determine z(9).
31
Let i(f) = 9*f + 6. Calculate i(6).
60
Let s(j) = -j**2 - 15*j - 57. Calculate s(-9).
-3
Let z(x) = 5*x - 2. Give z(8).
38
Let r(j) = -3*j**2 + 4*j + 39. Give r(-5).
-56
Let c(j) = -2*j - 12. Give c(5).
-22
Let g(f) = 2*f**2 + 10*f + 9. Calculate g(-2).
-3
Let y(x) = -10*x + 28. What is y(7)?
-42
Let i(l) = l**3 - 12*l**2 + 12*l + 3. Give i(9).
-132
Let r(g) = g**2 - 5*g - 21. Calculate r(0).
-21
Let c(a) = -a**3 + 6*a**2 - 10*a + 7. Calculate c(2).
3
Let o(s) = 4*s - 48. Calculate o(17).
20
Let p(k) = -16*k + 1. Give p(1).
-15
Let n(f) = 55*f**2 - 2*f - 2. What is n(-1)?
55
Let r(f) = -f**2 - 26*f - 70. Give r(-23).
-1
Let y(r) = r**2 + 4*r - 35. Give y(-11).
42
Let d(x) = -x**2 - 31*x + 183. Calculate d(-36).
3
Let s(k) = k**3 - 6*k**2 + 7*k - 8. What is s(7)?
90
Let t(v) = v**3 + 21*v**2 - 24*v - 46. Give t(-22).
-2
Let f(q) = 2*q**3 + 6*q**2 + 2*q + 3. Give f(-4).
-37
Let q(v) = 2*v - 24. Calculate q(12).
0
Let c(v) = -v**3 + 22*v**2 - 19*v - 46. What is c(21)?
-4
Let p(v) = -v - 3. Determine p(-3).
0
Let y(a) = 43*a - 1. Determine y(-3).
-130
Let c(r) = -r**2 + 18*r - 14. Determine c(17).
3
Let i(x) = x - 12. What is i(-2)?
-14
Let r(n) = -10*n**3 - n**2 + 5*n + 2. What is r(2)?
-72
Let k(c) = -18*c + 197. Give k(11).
-1
Let t(p) = -p + 59. What is t(22)?
37
Let s(u) = 6*u**2 + 7*u - 7. Calculate s(1).
6
Let t(p) = p**3 - 6*p**2 - 8*p + 5. Give t(7).
-2
Let h(i) = i**3 + i**2 + 3*i + 3. What is h(0)?
3
Let o(p) = -8*p + 126. Calculate o(17).
-10
Let b(c) = 5*c**2 - 9*c + 1. Determine b(2).
3
Let x(p) = p**2 + 4*p + 1. Give x(1).
6
Let g(d) = -d**2 + 3*d - 1. Give g(4).
-5
Let v(c) = -c**3 - 2*c**2 - 2*c - 6. What is v(-4)?
34
Let a(x) = 2*x**2 + 21*x - 10. Determine a(-11).
1
Let s(b) = b**2 - b - 4. Determine s(3).
2
Let y(f) = f**3 - 7*f**2 + 9*f - 12. Determine y(6).
6
Let n(x) = -x**3 - 2*x**2 - 5*x - 4. Give n(-2).
6
Let n(p) = -107*p + 746. Determine n(7).
-3
Let k(q) = q**3 + 2*q**2 - 5*q. Determine k(-3).
6
Let m(s) = 12*s + 40. Give m(-4).
-8
Let t(m) = 7*m + 82. Calculate t(-18).
-44
Let f(l) = 52*l - 422. Calculate f(8).
-6
Let u(t) = -5*t**2 - t + 1. Determine u(1).
-5
Let b(q) = -11*q**2 + q - 1. Give b(2).
-43
Let s(l) = -3*l**3 - 3*l**2 - 3*l - 1. Determine s(-3).
62
Let j(b) = -b**3 + 6*b**2 + b - 34. Give j(5).
-4
Let m(z) = -z**3 - 5*z**2 + 31*z - 18. Give m(-8).
-74
Let r(k) = 2*k**3 + 15*k**2 + 6*k - 9. Determine r(-7).
-2
Let g(y) = -y**2 - 12*y + 20. Calculate g(-14).
-8
Let h(x) = 3*x - 9. Calculate h(6).
9
Let l(p) = 47*p - 4. Determine l(2).
90
Let u(b) = -2*b**3 - 4*b - 7. What is u(-3)?
59
Let y(d) = d**3 - 15*d**2 - 18*d + 25. Determine y(16).
-7
Let n(a) = -14*a + 3. Calculate n(-3).
45
Let z(j) = j**3 - 5*j - 5. Calculate z(-2).
-3
Let a(j) = j + 5. Determine a(-10).
-5
Let p(s) = -s**2 - 10*s + 10. Calculate p(-9).
19
Let w(p) = -p - 1. What is w(-10)?
9
Let x(h) = 7*h - 24. What is x(4)?
4
Let m(g) = g**2 + 8*g + 9. Determine m(-11).
42
Let u(m) = m**2 - 3*m + 7. What is u(3)?
7
Let d(f) = f - 5. Determine d(7).
2
Let o(p) = p - 52. Give o(-11).
-63
Let g(k) = -k - 8. Give g(-6).
-2
Let k(b) = 5*b + 12. Calculate k(-3).
-3
Let b(s) = s**3 + 4*s**2 - 12*s + 8. Determine b(-6).
8
Let c(y) = 7*y - 2. Calculate c(-1).
-9
Let w(c) = c**3 - 4*c**2 + 2*c - 6. Give w(5).
29
Let c(k) = -k**2 - k - 9. Calculate c(8).
-81
Let o(x) = x**3 - 7*x**2 - 8*x + 3. Give o(8).
3
Let y(a) = 2*a**2 + 13*a - 214. Determine y(-14).
-4
Let o(b) = 21*b - 151. Give o(7).
-4
Let s(i) = 5*i**3 - 25*i**2 - i + 11. Give s(5).
6
Let b(v) = -v**2 + 21*v - 36. Determine b(2).
2
Let d(n) = 35*n + 456. Determine d(-13).
1
Let h(f) = -6*f**3 + f**2. Give h(2).
-44
Let i(k) = k**2 - k. Give i(6).
30
Let o(u) = -2*u**2 + 15*u - 27. Give o(2).
-5
Let s(o) = o**3 - 16*o**2 - 102*o - 51. Determine s(21).
12
Let y(b) = -9*b + 429. Determine y(47).
6
Let l(d) = 2*d**2 + 32*d + 13. Determine l(-15).
-17
Let y(r) = r**2 - 4*r - 14. Determine y(7).
7
Let r(i) = -3*i**2 - 4*i + 9. What is r(-5)?
-46
Let s(j) = -j**3 - 2*j**2 - 5*j - 4. Determine s(-1).
0
Let g(b) = -7*b**3 - 3*b + 1. Determine g(2).
-61
Let x(b) = 14*b**2 - 24*b + 1. What is x(2)?
9
Let l(n) = -n**3 - 5*n**2 - 2*n + 10. Determine l(-3).
-2
Let n(c) = 2*c**3 + 3*c**2 - 12*c - 14. Determine n(-4).
-46
Let s(t) = -t**2 + 17*t - 43. What is s(14)?
-1
Let w(s) = -s**3 - 7*s**2 - 7*s - 2. Determine w(-6).
4
Let w(l) = 4*l**2 - 41*l - 14. Calculate w(12).
70
Let u(q) = q - 42. What is u(0)?
-42
Let i(d) = -d**2 + 33*d - 149. What is i(28)?
-9
Let n(m) = m + 11. What is n(-4)?
7
Let t(a) = -a**3 - 6*a**2 + 7*a + 2. What is t(-7)?
2
Let d(h) = -h**3 - 12*h**2 + h + 2. Give d(-12).
-10
Let i(o) = o**3 + o**2 - 49*o + 42. Give i(6).
0
Let t(m) = -2*m - 7. What is t(1)?
-9
Let v(f) = f**3 - 8*f**2 + 2*f - 6. Give v(8).
10
Let z(t) = t**3 - 22*t**2 + t - 27. What is z(22)?
-5
Let g(f) = -f - 3. Determine g(-7).
4
Let j(f) = -3*f - 29. What is j(-11)?
4
Let y(h) = h**3 + 10*h**2 - 2*h - 33. Give y(-10).
-13
Let l(n) = n**3 - 11*n**2 + 7*n - 4. Determine l(10).
-34
Let t(w) = -w**2 + 116*w - 227. Give t(2).
1
Let i(p) = -11*p + 8. What is i(2)?
-14
Let l(w) = w**2 + 4*w + 9. Calculate l(-2).
5
Let u(v) = 3*v + 10. Give u(-3).
1
Let m(x) = -x**2 + 4*x + 10. Determine m(-4).
-22
Let c(b) = 8*b**3 + 3*b**2 - 7*b - 8. What is c(-1)?
-6
Let a(p) = p**2 + 20*p - 101. Calculate a(5).
24
Let p(a) = a**3 - 6*a**2 + 3. Give p(5).
-22
Let g(x) = -4*x - 14. Calculate g(-5).
6
Let p(y) = 2*y**2 + 34*y + 88. What is p(-3)?
4
Let f(d) = 27*d + 120. What is f(-4)?
12
Let n(q) = q**3 - q**2 + 25. Determine n(0).
25
Let t(d) = d**3 + 6*d**2 - 13*d. Calculate t(-8).
-24
Let r(d) = -d**3 - 21*d**2 + d + 18. Calculate r(-21).
-3
Let u(w) = 3*w - 18. Determine u(8).
6
Let b(d) = -4*d + 2. Determine b(-13).
54
Let z(a) = a**3 + 3*a**2 + a - 4. Calculate z(-4).
-24
Let y(a) = -a**2 - 3*a + 3. Give y(-2).
5
Let w(c) = -30*c**2 - c + 1. Give w(1).
-30
Let t(r) = -23*r + 132. Determine t(6).
-6
Let m(v) = -v + 6. Give m(-7).
13
Let b(g) = -3*g + 111. What is b(33)?
12
Let q(k) = k**3 + 31*k**2 - 32*k - 11. Give q(-32).
-11
Let a(y) = -y + 30. Determine a(9).
21
Let o(j) = j**3 + 5*j**2 + 6*j + 9. What is o(-4)?
1
Let z(v) = 31*v**2 + 14*v - 2. Give z(-1).
15
Let v(h) = -h**2 + 4*